or of 99584?
False
Is 11780250 a multiple of 6?
True
Does 105 divide 9588829?
False
Is 1014910 a multiple of 481?
True
Does 472 divide 400586?
False
Is 34 a factor of 132396?
True
Is 18180 a multiple of 15?
True
Is 36575003 a multiple of 19?
False
Is 11 a factor of 467179?
False
Does 7 divide 3195983?
True
Does 33 divide 10511?
False
Does 43 divide 123943?
False
Does 1067 divide 3134846?
True
Does 36 divide 2142173?
False
Does 96 divide 927264?
True
Does 461 divide 4373537?
False
Is 2133687 a multiple of 289?
True
Is 3 a factor of 150721?
False
Does 126 divide 45362?
False
Does 18 divide 63954?
True
Does 12 divide 155349?
False
Is 45 a factor of 1965470?
False
Is 22 a factor of 503834?
False
Is 168 a factor of 339238?
False
Is 13 a factor of 1772823?
True
Is 6 a factor of 612621?
False
Is 489 a factor of 360393?
True
Does 1244 divide 3881382?
False
Is 23 a factor of 44827?
True
Is 1090425 a multiple of 93?
True
Does 34 divide 335954?
True
Does 15 divide 248297?
False
Is 396163 a multiple of 17?
False
Is 90285 a multiple of 38?
False
Is 1158 a factor of 2757198?
True
Does 2 divide 207581?
False
Is 24486 a multiple of 22?
True
Is 294250 a multiple of 25?
True
Is 253 a factor of 1093168?
False
Is 58 a factor of 21601?
False
Is 1221 a factor of 2742968?
False
Is 34 a factor of 49504?
True
Is 28 a factor of 1883583?
False
Is 11 a factor of 1017501?
False
Is 78739 a multiple of 71?
True
Is 6484899 a multiple of 15?
False
Is 45601 a multiple of 6?
False
Is 128 a factor of 33152?
True
Is 4723764 a multiple of 267?
True
Does 13 divide 7619936?
False
Is 81 a factor of 271188?
True
Is 46764 a multiple of 68?
False
Does 19 divide 1052742?
False
Is 20 a factor of 71752?
False
Is 2965385 a multiple of 410?
False
Is 14 a factor of 5750771?
False
Is 216476 a multiple of 46?
True
Does 101 divide 16929216?
True
Does 65 divide 360425?
True
Is 5073115 a multiple of 145?
True
Does 776 divide 5949586?
False
Is 290904 a multiple of 69?
True
Does 1235 divide 10050430?
True
Does 155 divide 780668?
False
Does 1279 divide 5540628?
True
Is 16856 a multiple of 3?
False
Is 124087 a multiple of 30?
False
Is 54932 a multiple of 31?
True
Does 100 divide 92100?
True
Is 15 a factor of 30428655?
True
Does 17 divide 1698901?
False
Is 3351600 a multiple of 70?
True
Is 4294442 a multiple of 37?
True
Is 4669 a multiple of 2?
False
Does 15 divide 692182?
False
Is 9 a factor of 6562143?
True
Is 83237 a multiple of 77?
True
Does 62 divide 4613528?
False
Does 429 divide 918918?
True
Is 223633 a multiple of 72?
False
Does 53 divide 4037195?
False
Does 11 divide 373956?
True
Does 7 divide 40387?
False
Does 147 divide 893172?
True
Is 213 a factor of 181263?
True
Is 8 a factor of 527920?
True
Is 314743 a multiple of 14?
False
Does 6 divide 52774?
False
Is 26 a factor of 67141?
False
Is 3016419 a multiple of 40?
False
Is 2 a factor of 2560092?
True
Is 17 a factor of 22270?
True
Is 563 a factor of 6739110?
True
Is 6918030 a multiple of 30?
True
Is 71 a factor of 316370?
False
Does 385 divide 6709089?
False
Is 1339678 a multiple of 12?
False
Does 5 divide 1341675?
True
Does 8 divide 374288?
True
Is 10 a factor of 26130?
True
Is 203112 a multiple of 13?
True
Is 9 a factor of 24727473?
True
Is 11 a factor of 38566?
True
Does 21 divide 15444?
False
Is 73 a factor of 2351663?
False
Is 165 a factor of 290235?
True
Is 56 a factor of 4852501?
False
Is 6567804 a multiple of 27?
True
Does 61 divide 827099?
True
Does 321 divide 15454195?
False
Is 3 a factor of 55924?
False
Is 4445344 a multiple of 16?
True
Is 9 a factor of 87175?
False
Does 546 divide 1053234?
True
Is 1716800 a multiple of 25?
True
Does 66 divide 235818?
True
Is 38 a factor of 3219284?
True
Is 237 a factor of 186149?
False
Does 19 divide 22629?
True
Is 454 a factor of 582616?
False
Is 223560 a multiple of 40?
True
Is 491767 a multiple of 11?
False
Does 100 divide 59600?
True
Does 976 divide 15058704?
True
Is 85831 a multiple of 15?
False
Is 27 a factor of 64287?
True
Is 18 a factor of 4428?
True
Is 53703 a multiple of 153?
True
Does 37 divide 3874381?
True
Does 36 divide 10997499?
False
Does 263 divide 151751?
True
Is 618588 a multiple of 12?
True
Is 563920 a multiple of 212?
True
Is 872 a factor of 4171627?
False
Does 11 divide 107178?
False
Is 46 a factor of 7814356?
False
Is 15633030 a multiple of 10?
True
Is 20304 a multiple of 54?
True
Is 21 a factor of 4109196?
True
Is 865560 a multiple of 5?
True
Is 5747891 a multiple of 16?
False
Is 14 a factor of 2247407?
False
Is 15 a factor of 1422307?
False
Is 49 a factor of 273665?
True
Does 13 divide 181305?
False
Does 14 divide 131489?
False
Is 2673442 a multiple of 233?
True
Does 14 divide 3418744?
True
Does 72 divide 227376?
True
Does 896 divide 1032372?
False
Does 23 divide 174717?
False
Does 15 divide 253569?
False
Is 736 a factor of 1205663?
False
Is 14 a factor of 7167020?
True
Does 9 divide 6727433?
False
Is 16 a factor of 7761248?
True
Is 4107202 a multiple of 253?
True
Does 16 divide 1007609?
False
Does 11 divide 17050?
True
Is 1316162 a multiple of 59?
False
Is 18 a factor of 143662?
False
Is 550 a factor of 2675750?
True
Is 5 a factor of 1867195?
True
Does 58 divide 469687?
False
Is 962384 a multiple of 191?
False
Does 15 divide 14260993?
False
Is 3781434 a multiple of 654?
False
Does 25 divide 2391473?
False
Is 468280 a multiple of 230?
True
Does 171 divide 1380312?
True
Is 7067102 a multiple of 1057?
True
Is 309 a factor of 724605?
True
Is 1195971 a multiple of 33?
False
Does 13 divide 129870?
True
Is 2571 a factor of 3559446?
False
Is 33 a factor of 7089192?
True
Is 12 a factor of 710412?
True
Is 2580913 a multiple of 1230?
False
Is 88287 a multiple of 18?
False
Is 10 a factor of 171100?
True
Is 196 a factor of 42925?
False
Is 417 a factor of 658201?
False
Is 7950048 a multiple of 48?
True
Is 7 a factor of 163498?
False
Does 55 divide 179742?
False
Is 15 a factor of 1151962?
False
Is 160990 a multiple of 17?
True
Is 315288 a multiple of 116?
True
Is 145 a factor of 688170?
True
Is 6 a factor of 46697?
False
Does 282 divide 3105102?
True
Is 4 a factor of 120738?
False
Is 36 a factor of 585868?
False
Does 557 divide 1343470?
False
Is 79595 a multiple of 7?
False
Does 295 divide 4522645?
True
Is 111 a factor of 636655?
False
Is 41512 a multiple of 4?
True
Is 154356 a multiple of 12?
True
Is 133722 a multiple of 18?
True
Is 3548606 a multiple of 16?
False
Is 1349584 a multiple of 760?
False
Is 1350968 a multiple of 353?
False
Does 28 divide 1758166?
False
Is 8743113 a multiple of 58?
False
Is 30 a factor of 318369?
False
Is 151 a factor of 10664979?
True
Is 279 a factor of 62775?
True
Is 55 a factor of 154461?
False
Is 5 a factor of 1950?
True
Does 66 divide 5326860?
True
Is 23358012 a multiple of 1784?
False
Is 158 a factor of 1224?
False
Is 490 a factor of 717360?
True
Does 18 divide 3185354?
False
Does 214 divide 277130?
True
Is 96532 a multiple of 5?
False
Does 22 divide 122188?
True
Is 8952268 a multiple of 38?
True
Is 2631710 a multiple of 941?
False
Is 36488 a multiple of 4?
True
Does 29 divide 4064872?
True
Is 24 a factor of 116760?
True
Is 18 a factor of 445968?
True
Does 107 divide 4308349?
False
Is 16 a factor of 1433579?
False
Is 22 a factor of 18281780?
True
Is 81968 a multiple of 124?
False
Is 17 a factor of 611612?
False
Is 1043 a factor of 1671662?
False
Is 469800 a multiple of 348?
True
Is 1085 a factor of 4790275?
True
Is 857111 a multiple of 5?
False
Is 75 a factor of 11798?
False
Is 537 a factor of 877061?
False
Is 13 a factor of 169720?
False
Does 13 divide 591692?
False
Is 165 a factor of 226545?
True
Does 79 divide 60988?
True
Is 1023 a factor of 8339496?
True
Is 266852 a multiple of 4?
True
Is 30 a factor of 163140?
True
Does 30 divide 23709849?
False
Does 373 divide 82060?
True
Is 32 a factor of 366895?
False
Is 1258260 a multiple of 30?
True
Is 2460700 a multiple of 1100?
True
Is 140737 a multiple of 23?
True
Is 6745566 a multiple of 246?
True
Is 11325 a multiple of 47?
False
Does 36 divide 3420?
True
Is 13 a factor of 111248?
False
Does 53 divide 10134130?
True
Is 19457641 a multiple of 71?
False
Does 123 divide 116382?
False
Is 8223916 a multiple of 10?
False
Does 8 divide 5941752?
True
Is 7 a factor of 33179?
False
Is 22980178 a multiple of 247?